{"id":2401,"date":"2022-08-02T18:18:14","date_gmt":"2022-08-02T16:18:14","guid":{"rendered":"http:\/\/www.ambaniger-tr.org\/?page_id=2401"},"modified":"2022-08-02T18:18:14","modified_gmt":"2022-08-02T16:18:14","slug":"buyukelcilik","status":"publish","type":"page","link":"https:\/\/www.ambaniger-tr.org\/tr\/buyukelcilik\/","title":{"rendered":"B\u00fcy\u00fckel\u00e7ilik"},"content":{"rendered":"<ul>\n<li>L&#8217;ambassadeur du Niger S.E.M. SALOU Adama Gazibo a pr\u00e9sent\u00e9 ses lettres de cr\u00e9ances le 01 Juin 2017 \u00e0 S.E.M. le Pr\u00e9sident de la R\u00e9publique Turque.<\/li>\n<li><a title=\"Pr\u00e9sentation des lettres de Cr\u00e9ance de l\u2019Ambassade du Niger en Turquie\" href=\"http:\/\/www.ambaniger-tr.org\/presentation-des-lettres-de-creance-de-lambassadeur-du-niger-en-turquie-2017\/\">Pr\u00e9sentation des lettres de cr\u00e9ance par S.E.M. SALOU Adama Gazibo<\/a><\/li>\n<\/ul>\n<p>&nbsp;<\/p>\n<ul>\n<li>L&#8217;ambassadeur du Niger S.E.M. Adam Abdoulaye DAN-MARADI a pr\u00e9sent\u00e9 ses lettres de cr\u00e9ances le 08 octobre 2012 \u00e0 S.E.M. le Pr\u00e9sident de la R\u00e9publique Turque.<\/li>\n<li><a title=\"Pr\u00e9sentation des lettres de Cr\u00e9ance de l\u2019Ambassade du Niger en Turquie\" href=\"http:\/\/www.ambaniger-tr.org\/remise-de-la-lettre-de-creance-de-lambassade-du-niger-en-turquie\/\">Pr\u00e9sentation des lettres de cr\u00e9ance par S.E.M. Adam Abdoulaye DAN-MARADI<iframe loading=\"lazy\" src=\"https:\/\/www.google.fr\/maps\/ms?hl=fr&amp;msid=217463210011940230791.0004fe681a0ec3c281bd7&amp;msa=0&amp;ie=UTF8&amp;t=h&amp;source=embed&amp;ll=39.892106,32.874506&amp;spn=0.005433,0.009645&amp;z=17&amp;iwloc=0004fea5ccc789052806d&amp;output=embed\" width=\"900\" height=\"660\" frameborder=\"0\" marginwidth=\"0\" marginheight=\"0\" scrolling=\"no\" data-mce-fragment=\"1\"><\/iframe><\/a><\/li>\n<li><a title=\"Visite de l\u2019Ambassadeur du Niger a An\u0131tkabir (Mausol\u00e9e d\u2019Atat\u00fcrk)\" href=\"http:\/\/www.ambaniger-tr.org\/visite-officielle-de-lambassade-du-niger-a-anitkabir-mausolee-dataturk\/\">Visite de l&#8217;Ambassadeur au Mausol\u00e9e d&#8217;Atat\u00fcrk<\/a><\/li>\n<li><a title=\"Organigramme\" href=\"http:\/\/www.ambaniger-tr.org\/organigramme\/\">Organigramme de l&#8217;Ambassade<\/a><\/li>\n<li><a title=\"Services Consulaires\" href=\"http:\/\/www.ambaniger-tr.org\/services-consulaires\/\">Services consulaires<\/a><\/li>\n<li><a title=\"Visa d\u2019Entr\u00e9e au Niger\" href=\"http:\/\/www.ambaniger-tr.org\/visa-d-entree-au-niger\/\">Visa d&#8217;Entr\u00e9e au Niger<\/a><\/li>\n<li><a title=\"Activit\u00e9s de l\u2019Ambassade du Niger \u00e0 Ankara\" href=\"http:\/\/www.ambaniger-tr.org\/activite-de-l-ambassade-du-niger-a-ankara\/\">Activit\u00e9s de l&#8217;Ambassade<\/a><\/li>\n<\/ul>\n<h2>Horaires de Service<\/h2>\n<p>Du Lundi au Vendredi<\/p>\n<p>09:30 &#8211; 12:30<\/p>\n<p>13:30 &#8211; 16:30<\/p>\n<h2>Consulats Honoraires<\/h2>\n<p class=\"entry-title\" style=\"color: #666666;\"><a title=\"Consulat Honoraire du Niger \u00e0 Istanbul\" href=\"http:\/\/www.ambaniger-tr.org\/consul-honoraire-distanbul\/\">Consulat Honoraire du Niger \u00e0 Istanbul<\/a><\/p>\n<p class=\"entry-title\" style=\"color: #666666;\"><a title=\"Consulat Honoraire du Niger \u00e0 Antalya\" href=\"http:\/\/www.ambaniger-tr.org\/consul-honoraire-de-bursa\/\">Consulat Honoraire du Niger \u00e0 Antalya<\/a><\/p>\n<p style=\"color: #444444;\"><strong style=\"font-style: inherit;\">Adresse Compl\u00e8te:<\/strong><\/p>\n<p style=\"color: #444444;\">Mahatma Ghandi Caddesi No: 40 Gaziosmanpa\u015fa, \u00c7ankaya, Ankara, Turquie<br \/>\n<strong>Code Postal:<\/strong> 06105<br \/>\n<strong>Tel.<\/strong>\u00a0 +90 312 436 10 13<br \/>\n+90 312 436 10 14<br \/>\n<strong>Fax:<\/strong> +90 312 436 10 17<br \/>\n<strong>Email:<\/strong>\u00a0consulaires@ambaniger-tr.org<\/p>\n","protected":false},"excerpt":{"rendered":"<p>L&#8217;ambassadeur du Niger S.E.M. SALOU Adama Gazibo a pr\u00e9sent\u00e9 ses lettres de cr\u00e9ances le 01 Juin 2017 \u00e0 S.E.M. le Pr\u00e9sident de la R\u00e9publique Turque. Pr\u00e9sentation<span class=\"excerpt-hellip\"> [\u2026]<\/span><\/p>\n","protected":false},"author":1,"featured_media":0,"parent":0,"menu_order":0,"comment_status":"closed","ping_status":"closed","template":"","meta":{"content-type":"","footnotes":""},"class_list":["post-2401","page","type-page","status-publish","hentry"],"_links":{"self":[{"href":"https:\/\/www.ambaniger-tr.org\/tr\/wp-json\/wp\/v2\/pages\/2401","targetHints":{"allow":["GET"]}}],"collection":[{"href":"https:\/\/www.ambaniger-tr.org\/tr\/wp-json\/wp\/v2\/pages"}],"about":[{"href":"https:\/\/www.ambaniger-tr.org\/tr\/wp-json\/wp\/v2\/types\/page"}],"author":[{"embeddable":true,"href":"https:\/\/www.ambaniger-tr.org\/tr\/wp-json\/wp\/v2\/users\/1"}],"replies":[{"embeddable":true,"href":"https:\/\/www.ambaniger-tr.org\/tr\/wp-json\/wp\/v2\/comments?post=2401"}],"version-history":[{"count":2,"href":"https:\/\/www.ambaniger-tr.org\/tr\/wp-json\/wp\/v2\/pages\/2401\/revisions"}],"predecessor-version":[{"id":2403,"href":"https:\/\/www.ambaniger-tr.org\/tr\/wp-json\/wp\/v2\/pages\/2401\/revisions\/2403"}],"wp:attachment":[{"href":"https:\/\/www.ambaniger-tr.org\/tr\/wp-json\/wp\/v2\/media?parent=2401"}],"curies":[{"name":"wp","href":"https:\/\/api.w.org\/{rel}","templated":true}]}}

Büyükelçilik

<ul>
<li>L&#8217;ambassadeur du Niger S.E.M. SALOU Adama Gazibo a présenté ses lettres de créances le 01 Juin 2017 à S.E.M. le Président de la République Turque.</li>
<li><a title="Présentation des lettres de Créance de l’Ambassade du Niger en Turquie" href="http://www.ambaniger-tr.org/presentation-des-lettres-de-creance-de-lambassadeur-du-niger-en-turquie-2017/">Présentation des lettres de créance par S.E.M. SALOU Adama Gazibo</a></li>
</ul>
<p>&nbsp;</p>
<ul>
<li>L&#8217;ambassadeur du Niger S.E.M. Adam Abdoulaye DAN-MARADI a présenté ses lettres de créances le 08 octobre 2012 à S.E.M. le Président de la République Turque.</li>
<li><a title="Présentation des lettres de Créance de l’Ambassade du Niger en Turquie" href="http://www.ambaniger-tr.org/remise-de-la-lettre-de-creance-de-lambassade-du-niger-en-turquie/">Présentation des lettres de créance par S.E.M. Adam Abdoulaye DAN-MARADI<iframe loading="lazy" src="https://www.google.fr/maps/ms?hl=fr&amp;msid=217463210011940230791.0004fe681a0ec3c281bd7&amp;msa=0&amp;ie=UTF8&amp;t=h&amp;source=embed&amp;ll=39.892106,32.874506&amp;spn=0.005433,0.009645&amp;z=17&amp;iwloc=0004fea5ccc789052806d&amp;output=embed" width="900" height="660" frameborder="0" marginwidth="0" marginheight="0" scrolling="no" data-mce-fragment="1"></iframe></a></li>
<li><a title="Visite de l’Ambassadeur du Niger a Anıtkabir (Mausolée d’Atatürk)" href="http://www.ambaniger-tr.org/visite-officielle-de-lambassade-du-niger-a-anitkabir-mausolee-dataturk/">Visite de l&#8217;Ambassadeur au Mausolée d&#8217;Atatürk</a></li>
<li><a title="Organigramme" href="http://www.ambaniger-tr.org/organigramme/">Organigramme de l&#8217;Ambassade</a></li>
<li><a title="Services Consulaires" href="http://www.ambaniger-tr.org/services-consulaires/">Services consulaires</a></li>
<li><a title="Visa d’Entrée au Niger" href="http://www.ambaniger-tr.org/visa-d-entree-au-niger/">Visa d&#8217;Entrée au Niger</a></li>
<li><a title="Activités de l’Ambassade du Niger à Ankara" href="http://www.ambaniger-tr.org/activite-de-l-ambassade-du-niger-a-ankara/">Activités de l&#8217;Ambassade</a></li>
</ul>
<h2>Horaires de Service</h2>
<p>Du Lundi au Vendredi</p>
<p>09:30 &#8211; 12:30</p>
<p>13:30 &#8211; 16:30</p>
<h2>Consulats Honoraires</h2>
<p class="entry-title" style="color: #666666;"><a title="Consulat Honoraire du Niger à Istanbul" href="http://www.ambaniger-tr.org/consul-honoraire-distanbul/">Consulat Honoraire du Niger à Istanbul</a></p>
<p class="entry-title" style="color: #666666;"><a title="Consulat Honoraire du Niger à Antalya" href="http://www.ambaniger-tr.org/consul-honoraire-de-bursa/">Consulat Honoraire du Niger à Antalya</a></p>
<p style="color: #444444;"><strong style="font-style: inherit;">Adresse Complète:</strong></p>
<p style="color: #444444;">Mahatma Ghandi Caddesi No: 40 Gaziosmanpaşa, Çankaya, Ankara, Turquie<br />
<strong>Code Postal:</strong> 06105<br />
<strong>Tel.</strong>  +90 312 436 10 13<br />
+90 312 436 10 14<br />
<strong>Fax:</strong> +90 312 436 10 17<br />
<strong>Email:</strong> consulaires@ambaniger-tr.org</p>

<p>L&#8217;ambassadeur du Niger S.E.M. SALOU Adama Gazibo a présenté ses lettres de créances le 01 Juin 2017 à S.E.M. le Président de la République Turque. Présentation<span class="excerpt-hellip"> […]</span></p>
