{"id":2468,"date":"2022-08-02T19:04:17","date_gmt":"2022-08-02T17:04:17","guid":{"rendered":"http:\/\/www.ambaniger-tr.org\/?page_id=2468"},"modified":"2022-08-02T19:04:17","modified_gmt":"2022-08-02T17:04:17","slug":"buyukelci","status":"publish","type":"page","link":"https:\/\/www.ambaniger-tr.org\/tr\/buyukelci\/","title":{"rendered":"B\u00fcy\u00fckel\u00e7i"},"content":{"rendered":"<div class=\"wpb_column vc_column_container vc_col-sm-4\">\n<div class=\"vc_column-inner\">\n<div class=\"wpb_wrapper\">\n<div class=\"wpb_text_column wpb_content_element \">\n<div class=\"wpb_wrapper\">\n<h1>Mot de Bienvenue de l\u2019Ambassadeur<\/h1>\n<p>Chers amis,<\/p>\n<p>Vous venez d\u2019entrer dans la page de l\u2019Ambassade du Niger en Turquie, page dont le but est de vous permettre de mieux connaitre son \u00e9quipe et ses services, mais c\u2019est aussi, une page qui se veut \u00eatre une fen\u00eatre sur une meilleure connaissance du Niger \u00e0 travers sa g\u00e9ographie, son histoire, sa politique ,sa nature \u00e9conomique et sociale et son patrimoine culturel et touristique.<\/p>\n<p>Egalement cette page vous permet de recueillir toutes les informations utiles sur le dynamisme de la coop\u00e9ration nig\u00e9ro-turque dont l\u2019objectif commun reste et demeure la \u00a0prosp\u00e9rit\u00e9 des deux peuples respectifs.<\/p>\n<p>Cette page est aussi un guichet d\u2019acc\u00e8s aux services consulaires, pour les nig\u00e9riens r\u00e9sidents, ainsi que pour nos amis turcs qui cherchent de l\u2019information ou qui planifient de visiter le Niger pour un voyage d\u2019affaires ou de tourisme.<\/p>\n<p>Je vous souhaite \u00e0 tous la bienvenue, et vous donne l\u2019assurance que toute notre \u00e9quipe, travail pour vous servir\u2026raison pour laquelle toutes vos suggestions seront hautement appr\u00e9ci\u00e9es.<\/p>\n<hr \/>\n<\/div>\n<\/div>\n<\/div>\n<\/div>\n<\/div>\n<div class=\"wpb_column vc_column_container vc_col-sm-4\">\n<div class=\"vc_column-inner\">\n<div class=\"wpb_wrapper\">\n<div class=\"wpb_single_image wpb_content_element vc_align_left\">\n<figure class=\"wpb_wrapper vc_figure\">\n<div class=\"vc_single_image-wrapper   vc_box_border_grey\"><img loading=\"lazy\" decoding=\"async\" class=\"vc_single_image-img attachment-medium\" src=\"http:\/\/www.ambaniger-tr.org\/wp-content\/uploads\/2017\/11\/Mme-SALOU-ADAMA-GAZIBO-photo-234x300.jpg\" sizes=\"auto, (max-width: 234px) 100vw, 234px\" srcset=\"http:\/\/www.ambaniger-tr.org\/wp-content\/uploads\/2017\/11\/Mme-SALOU-ADAMA-GAZIBO-photo-234x300.jpg 234w, http:\/\/www.ambaniger-tr.org\/wp-content\/uploads\/2017\/11\/Mme-SALOU-ADAMA-GAZIBO-photo-114x146.jpg 114w, http:\/\/www.ambaniger-tr.org\/wp-content\/uploads\/2017\/11\/Mme-SALOU-ADAMA-GAZIBO-photo-39x50.jpg 39w, http:\/\/www.ambaniger-tr.org\/wp-content\/uploads\/2017\/11\/Mme-SALOU-ADAMA-GAZIBO-photo-58x75.jpg 58w, http:\/\/www.ambaniger-tr.org\/wp-content\/uploads\/2017\/11\/Mme-SALOU-ADAMA-GAZIBO-photo.jpg 397w\" alt=\"\" width=\"234\" height=\"300\" \/><\/div>\n<\/figure>\n<\/div>\n<div class=\"wpb_text_column wpb_content_element \">\n<div class=\"wpb_wrapper\">\n<p><em><strong>Ambassadeur du Niger en Turquie<\/strong><\/em><\/p>\n<p><strong>S.E.M. SALOU ADAMA GAZIBO<\/strong><\/p>\n<hr \/>\n<p><strong><a href=\"http:\/\/www.ambaniger-tr.org\/cv-de-lambassadeur\/\">CV DE L&#8217;AMBASSADEUR<\/a><\/strong><\/p>\n<hr \/>\n<\/div>\n<\/div>\n<\/div>\n<\/div>\n<\/div>\n<ul>\n<li>L\u2019ambassadeur du Niger S.E.M. SALOU Adama Gazibo a pr\u00e9sent\u00e9 ses lettres de cr\u00e9ances le 01 Juin 2017 \u00e0 S.E.M. le Pr\u00e9sident de la R\u00e9publique Turque.<\/li>\n<li><a title=\"Pr\u00e9sentation des lettres de Cr\u00e9ance de l\u2019Ambassade du Niger en Turquie\" href=\"http:\/\/www.ambaniger-tr.org\/presentation-des-lettres-de-creance-de-lambassadeur-du-niger-en-turquie-2017\/\">Pr\u00e9sentation des lettres de cr\u00e9ance par S.E.M. SALOU Adama Gazibo<\/a><\/li>\n<\/ul>\n","protected":false},"excerpt":{"rendered":"<p>Mot de Bienvenue de l\u2019Ambassadeur Chers amis, Vous venez d\u2019entrer dans la page de l\u2019Ambassade du Niger en Turquie, page dont le but est de vous<span class=\"excerpt-hellip\"> [\u2026]<\/span><\/p>\n","protected":false},"author":1,"featured_media":0,"parent":0,"menu_order":0,"comment_status":"closed","ping_status":"closed","template":"page.php","meta":{"content-type":"","footnotes":""},"class_list":["post-2468","page","type-page","status-publish","hentry"],"_links":{"self":[{"href":"https:\/\/www.ambaniger-tr.org\/tr\/wp-json\/wp\/v2\/pages\/2468","targetHints":{"allow":["GET"]}}],"collection":[{"href":"https:\/\/www.ambaniger-tr.org\/tr\/wp-json\/wp\/v2\/pages"}],"about":[{"href":"https:\/\/www.ambaniger-tr.org\/tr\/wp-json\/wp\/v2\/types\/page"}],"author":[{"embeddable":true,"href":"https:\/\/www.ambaniger-tr.org\/tr\/wp-json\/wp\/v2\/users\/1"}],"replies":[{"embeddable":true,"href":"https:\/\/www.ambaniger-tr.org\/tr\/wp-json\/wp\/v2\/comments?post=2468"}],"version-history":[{"count":2,"href":"https:\/\/www.ambaniger-tr.org\/tr\/wp-json\/wp\/v2\/pages\/2468\/revisions"}],"predecessor-version":[{"id":2470,"href":"https:\/\/www.ambaniger-tr.org\/tr\/wp-json\/wp\/v2\/pages\/2468\/revisions\/2470"}],"wp:attachment":[{"href":"https:\/\/www.ambaniger-tr.org\/tr\/wp-json\/wp\/v2\/media?parent=2468"}],"curies":[{"name":"wp","href":"https:\/\/api.w.org\/{rel}","templated":true}]}}

Büyükelçi

<div class="wpb_column vc_column_container vc_col-sm-4">
<div class="vc_column-inner">
<div class="wpb_wrapper">
<div class="wpb_text_column wpb_content_element ">
<div class="wpb_wrapper">
<h1>Mot de Bienvenue de l’Ambassadeur</h1>
<p>Chers amis,</p>
<p>Vous venez d’entrer dans la page de l’Ambassade du Niger en Turquie, page dont le but est de vous permettre de mieux connaitre son équipe et ses services, mais c’est aussi, une page qui se veut être une fenêtre sur une meilleure connaissance du Niger à travers sa géographie, son histoire, sa politique ,sa nature économique et sociale et son patrimoine culturel et touristique.</p>
<p>Egalement cette page vous permet de recueillir toutes les informations utiles sur le dynamisme de la coopération nigéro-turque dont l’objectif commun reste et demeure la  prospérité des deux peuples respectifs.</p>
<p>Cette page est aussi un guichet d’accès aux services consulaires, pour les nigériens résidents, ainsi que pour nos amis turcs qui cherchent de l’information ou qui planifient de visiter le Niger pour un voyage d’affaires ou de tourisme.</p>
<p>Je vous souhaite à tous la bienvenue, et vous donne l’assurance que toute notre équipe, travail pour vous servir…raison pour laquelle toutes vos suggestions seront hautement appréciées.</p>
<hr />
</div>
</div>
</div>
</div>
</div>
<div class="wpb_column vc_column_container vc_col-sm-4">
<div class="vc_column-inner">
<div class="wpb_wrapper">
<div class="wpb_single_image wpb_content_element vc_align_left">
<figure class="wpb_wrapper vc_figure">
<div class="vc_single_image-wrapper   vc_box_border_grey"><img loading="lazy" decoding="async" class="vc_single_image-img attachment-medium" src="http://www.ambaniger-tr.org/wp-content/uploads/2017/11/Mme-SALOU-ADAMA-GAZIBO-photo-234x300.jpg" sizes="auto, (max-width: 234px) 100vw, 234px" srcset="http://www.ambaniger-tr.org/wp-content/uploads/2017/11/Mme-SALOU-ADAMA-GAZIBO-photo-234x300.jpg 234w, http://www.ambaniger-tr.org/wp-content/uploads/2017/11/Mme-SALOU-ADAMA-GAZIBO-photo-114x146.jpg 114w, http://www.ambaniger-tr.org/wp-content/uploads/2017/11/Mme-SALOU-ADAMA-GAZIBO-photo-39x50.jpg 39w, http://www.ambaniger-tr.org/wp-content/uploads/2017/11/Mme-SALOU-ADAMA-GAZIBO-photo-58x75.jpg 58w, http://www.ambaniger-tr.org/wp-content/uploads/2017/11/Mme-SALOU-ADAMA-GAZIBO-photo.jpg 397w" alt="" width="234" height="300" /></div>
</figure>
</div>
<div class="wpb_text_column wpb_content_element ">
<div class="wpb_wrapper">
<p><em><strong>Ambassadeur du Niger en Turquie</strong></em></p>
<p><strong>S.E.M. SALOU ADAMA GAZIBO</strong></p>
<hr />
<p><strong><a href="http://www.ambaniger-tr.org/cv-de-lambassadeur/">CV DE L&#8217;AMBASSADEUR</a></strong></p>
<hr />
</div>
</div>
</div>
</div>
</div>
<ul>
<li>L’ambassadeur du Niger S.E.M. SALOU Adama Gazibo a présenté ses lettres de créances le 01 Juin 2017 à S.E.M. le Président de la République Turque.</li>
<li><a title="Présentation des lettres de Créance de l’Ambassade du Niger en Turquie" href="http://www.ambaniger-tr.org/presentation-des-lettres-de-creance-de-lambassadeur-du-niger-en-turquie-2017/">Présentation des lettres de créance par S.E.M. SALOU Adama Gazibo</a></li>
</ul>
